+ 5*k - 1963. Suppose 4*p = -t + 1751. What is the hundreds digit of p?
2
Let w(f) = 2*f**2 + f + 2. Let s be w(-1). Let x be (-5)/s - (0 + (-6)/9). What is the units digit of 5 + x + -2 + (-12)/(-4)?
5
Suppose -w + 2 = -0. Let b = 1265 - 1262. Suppose 71 = t - 5*s, s + 148 = w*t - b*s. What is the units digit of t?
6
Let p be 6/(2/(-92)*3). Let r be (-8)/(-14) + 4470/(-105) + 8. Let m = r - p. What is the units digit of m?
8
Suppose -154 = -a + 3*z, -5*a - 5*z = -6*z - 826. Suppose 0 = -5*c - 2*i + 363, 3*c - i - a = 43. What is the tens digit of c?
7
Let l = 33 + -25. Suppose 0 = -o + l*o. Suppose 5*v - 72 - 538 = o. What is the units digit of v?
2
Suppose 0 = 5*c + 206 + 169. Let b = c + 75. What is the tens digit of (-1)/2 + b + 4875/50?
9
Let k = 134 - 98. Let j = k - 11. What is the units digit of j?
5
Let b = -98 + 200. Suppose 0 = 5*g + i - 1032, 3*g - b = -5*i + 504. What is the units digit of g?
7
Let d = 5573 + -4532. What is the hundreds digit of d?
0
Suppose 0 = -5*h - 2*t + 21399, -5*t - 8559 = -2*h - 6*t. What is the units digit of h?
1
Let j(g) = -5*g**3 - g**2 - 4*g + 5. Let k(s) = 4*s**2 - 3*s + 2. Let t be k(1). Let l be j(t). Let m = -27 - l. What is the units digit of m?
4
What is the thousands digit of (3663436/3)/28 - 16/(-6)?
3
Suppose 0 = a - 4*u + 80 + 24, -3*a - 2*u = 340. Let t = 273 + a. What is the tens digit of t?
6
Suppose -6*g + 4*g = n - 54, 5*g = n - 26. Let s = 45 - n. Let d(w) = 129*w**2 - w. What is the units digit of d(s)?
0
Let s(k) = k**2 + 3*k + 1. Let o be s(-6). Let f(u) = u**2 - 18*u - 5. What is the tens digit of f(o)?
1
Let c = 36873 - 587. What is the ten thousands digit of c?
3
Suppose -9*i - 376 = -1350 - 2086. Suppose 2*v = -6*b + b + 466, -4*v = 2*b - 932. Let c = i - v. What is the hundreds digit of c?
1
Suppose 0*q = 6*q - 18. Let o be ((-567)/q - 2) + 1/(-1). Let w = 288 + o. What is the tens digit of w?
9
Suppose -3*p - 39*r + 64046 = -38*r, 0 = -4*r - 4. What is the units digit of p?
9
Suppose 2394 = 15*k - 21*k. Let i be (-2)/(-4) - k/38. Suppose i*r - 1011 = 1398. What is the hundreds digit of r?
2
Let q(h) = 2*h**2 + 3*h + 1. Suppose 4*k + k + 15 = 0, 0 = 5*m - 2*k - 1. Let i be q(m). Suppose -4*o + i*o + 204 = 0. What is the units digit of o?
1
Let j = -440 - -704. Suppose -j = -4*f + 672. What is the units digit of f?
4
Let t be -1 + 4 - 0 - -65. Let c = t + -56. Suppose c*a = -854 + 2942. What is the tens digit of a?
7
Let j be 4/18 + 7*(-2)/(-18). Suppose -136 = -4*o - 3*c, o - c - 42 + j = 0. What is the tens digit of o?
3
What is the tens digit of (-18)/24*16 - -6694?
8
Suppose w - 2*c + 67 + 8 = 0, -4*c + 20 = 0. Let u = 69 - -126. Let q = w + u. What is the units digit of q?
0
Let o = -71 + 74. Suppose 2*t + 4*i = 16 + 508, 5*t - 1324 = -o*i. What is the hundreds digit of 24/(-7)*t/(-4)?
2
Let d(n) = 2*n**3 - 147*n**2 + 3*n - 80. What is the tens digit of d(74)?
1
Let d(i) = -4*i**2 - 89*i + 25. Let g be d(-12). Suppose v - 1935 = -g. What is the units digit of v?
8
Suppose -4*h - 375 = -7*h. Suppose -3*j - 4*g = 120, 16*g = 3*j + 13*g + 141. Let w = j + h. What is the units digit of w?
1
Let j be (-3 + (-35)/(-21))*9/6. What is the tens digit of ((-512)/6)/(4/(24/j))?
5
Let h be 1/8 + -15*260/(-32). Suppose -225 = q - 4*q + 3*p, -2*q + h = 5*p. What is the units digit of q?
1
Suppose 53*a + 3*j = 54*a - 35385, 0 = -4*j - 4. What is the thousands digit of a?
5
Suppose -6*t + 16625 + 81730 = 9*t. What is the hundreds digit of t?
5
Let b = 181 - 184. What is the tens digit of ((-13)/((-26)/584))/((-2)/b)?
3
Let s(o) = -o**3 + 12*o**2 - 13*o - 14. Let t(i) = i**2 - 3*i - 22. Let b be t(10). Let j be b/(-60)*25/(-2). What is the tens digit of s(j)?
5
Suppose 23 = 2*d + 15. Let i = 26 - 22. Suppose -i*x + 5*c - 119 = -581, -d*c - 582 = -5*x. What is the tens digit of x?
1
Let x be -1 + 5 + (-4 - -2). Let k be 62/31*3/x. Suppose 0 = q - 3*l - 252, k*l = 4*q - q - 768. What is the tens digit of q?
5
Let g = 11 - -32. Suppose 41 = 7*r - g. Suppose r*d = -8*d + 2320. What is the tens digit of d?
1
Let l be (3/2)/(-1 - (-69)/60). Let y(m) = l - 2 - 27 - 17 - 7*m. What is the tens digit of y(-15)?
6
Let v = 31 + -35. Let a be 1 - (-1 + 4 + v). Suppose c = 2*y + 62, c = a*y + y + 59. What is the units digit of c?
8
Let n(b) = 11 - 7*b**2 - 7*b**2 - b + 15*b**2. What is the units digit of n(-7)?
7
Suppose -72*r + 541576 = 194*r. What is the hundreds digit of r?
0
Let g(h) be the third derivative of -59*h**4/24 - 17*h**3/3 + 21*h**2. Let w be -7 - (21 + -24)/(3/2). What is the tens digit of g(w)?
6
Suppose -3*l - u = 4*l - 212266, -5*l - 3*u = -151630. What is the thousands digit of l?
0
Suppose 0*m = 4*x - m - 11970, 0 = 2*x + m - 5994. What is the thousands digit of x?
2
Let y(q) = -q**3 - 17*q**2 + 62*q + 40. Let g be y(-20). Let r = 340 + 614. Suppose -b - 8*b + r = g. What is the units digit of b?
6
Let n = -235 - -237. Suppose -895 = -4*p - n*h + 653, 3*h - 397 = -p. What is the units digit of p?
5
Suppose 18 = -22*o + 4*o. Let n(g) be the third derivative of -121*g**4/24 - 11*g**3/6 - 5*g**2. What is the units digit of n(o)?
0
Suppose 4*c = -24, -2926*m + 2925*m = -2*c - 45269. What is the tens digit of m?
5
Let r(w) = -w. Let u(d) = 5*d + 65. Let x(y) = -r(y) - u(y). Let p be x(-20). Suppose -p*f - 137 = -16*f. What is the tens digit of f?
3
What is the units digit of (-12)/(-8) + (-359)/2*-13?
5
Let r be ((-1190)/(-102))/(1/60). Let g = r - 552. What is the hundreds digit of g?
1
Suppose -25*h + 2*z = -24*h - 6684, 5*h - 33460 = 2*z. What is the tens digit of h?
9
Suppose 19*t - 97264 = -7413. What is the thousands digit of t?
4
Let p(h) be the second derivative of 3*h**4/2 - 17*h**3/3 - 88*h**2 - 18*h + 2. What is the units digit of p(-5)?
4
Suppose 0 = -5*o + 163561 + 86449. What is the tens digit of o?
0
Let m(g) = g + 2. Let x be m(4). Suppose x*c = 5*c + 105. What is the units digit of c?
5
Suppose 8*d + 20 = 4*d. Let j be (-142)/3*(d - -2). Suppose -22 = -2*h + j. What is the units digit of h?
2
Let i(d) = -12*d - 3. Let s be i(-1). Let f = 7 - s. What is the units digit of (23/46)/(f/(-124))?
1
Let i = -41 + 40. Let h be ((6 - 5) + 1)/(i/(-173)). Suppose -3*g + h = w + 3*w, g + 4*w = 118. What is the tens digit of g?
1
Let f be 4 + 3 - 6*(-1)/2. What is the tens digit of 443/((5/25)/(2/f))?
4
Suppose -9 = -3*z, 5*s - 4*z - 75 = z. Suppose s*j - 2880 = 3*j. What is the units digit of j?
2
Suppose -29061 = -4*p - 3*w, -2*p + 3*w = 8*w - 14527. What is the tens digit of p?
6
Suppose 5*m - 686 = -10*b + 14*b, -1494 = 9*b - 3*m. Let p = 137 - -206. Let a = b + p. What is the tens digit of a?
7
Suppose -39 = 2*i + 5*p, -2*i + i - 23 = -p. Let c be (-4)/i - -1*(-210)/(-55). What is the tens digit of (-11)/(44/(-520)) - 0/c?
3
Suppose 0 = -5*b - 865 + 115. Let k = 323 + b. What is the tens digit of k?
7
Let n(s) be the first derivative of s**4/4 + 14*s**3/3 - 11*s**2/2 + 20*s + 3. Let p be n(-15). What is the units digit of (-1)/(-4) - 1910/p?
8
Let h(j) = j**3 - 24*j**2 + 25*j + 14. Let x be h(23). Suppose -6*t + 24 = x. What is the tens digit of (2 + 14/t)/(4/(-588))?
4
Suppose 0 = s + 2, 2*g - 36 = 5*s + 198. Let x = g - 111. Let d = x - -180. What is the tens digit of d?
8
Let p(s) = -183*s + 3. Let h be p(-19). Suppose -732 = 6*f - h. What is the hundreds digit of f?
4
What is the hundreds digit of (2/(-9)*19743)/(8/(-12))?
5
Let u = 17268 + -2828. What is the ten thousands digit of u?
1
Let u = 36761 - 25882. What is the units digit of u?
9
Suppose 5*w = 4*q - 6, -4*w - 8*q + 4*q + 24 = 0. What is the tens digit of -802*w*3/(-12)?
0
Let t = -24 + 35. Let x = t - 5. Suppose -15 = -3*y, 4*y + 280 = -2*k + x*k. What is the tens digit of k?
7
Let t = -92706 + 157982. What is the hundreds digit of t?
2
Let w(p) = p**3 + 31*p**2 + 33*p - 14. Let c be w(-29). Suppose -5*u + 991 + 184 = -5*q, 3*u - q = c. What is the hundreds digit of u?
2
Suppose 0 = -5*q + 139*s - 134*s + 21135, -q - 4*s + 4217 = 0. What is the hundreds digit of q?
2
Suppose -3*x - 20 = -2*x - 5*m, 3*x = -5*m. What is the hundreds digit of ((-6)/(-9))/(((-20)/1446)/x)?
2
Suppose -915*u + 888*u = -68337. What is the tens digit of u?
3
Suppose 2*o + h = 6*o - 16, -4*o = 4*h - 16. Suppose o*f = -z + 430, -f + 3*z 